{"id":16,"date":"2022-12-13T13:09:32","date_gmt":"2022-12-13T16:09:32","guid":{"rendered":"http:\/\/hblogservicosexpress.com.br\/?page_id=16"},"modified":"2022-12-13T13:20:09","modified_gmt":"2022-12-13T16:20:09","slug":"servicos","status":"publish","type":"page","link":"https:\/\/hblogservicosexpress.com.br\/?page_id=16","title":{"rendered":"Servi\u00e7os"},"content":{"rendered":"\n<p>Servi\u00e7o de entregas r\u00e1pidas para pessoas F\u00edsicas ou Jur\u00eddicas e entregas de encomendas agendadas.<\/p>\n\n\n\n<p>\u2026\u2026\u2026\u2026\u2026\u2026\u2026.<\/p>\n\n\n\n<h3 class=\"wp-block-heading\">NOSSO DIFERENCIAL<\/h3>\n\n\n\n<p>Trabalhamos com profissionais devidamente habilitados para a fun\u00e7\u00e3o conforme as exig\u00eancias legais, al\u00e9m disso, zelam pelo respeito e cordialidade no exerc\u00edcio das atividades contratadas;<\/p>\n\n\n\n<p>Substitui\u00e7\u00e3o do ve\u00edculo ou motorista em caso de imprevistos;<\/p>\n\n\n\n<p>Nossa frota recebe manuten\u00e7\u00e3o peri\u00f3dica, evitando assim ao m\u00e1ximo os imprevistos;<\/p>\n\n\n\n<p>Gerenciamento e coordena\u00e7\u00e3o de toda a opera\u00e7\u00e3o;<\/p>\n\n\n\n<p>Nossos profissionais trabalham devidamente identificados, uniformizados e com todo equipamento de seguran\u00e7a que a fun\u00e7\u00e3o exige.<\/p>\n","protected":false},"excerpt":{"rendered":"<p>Servi\u00e7o de entregas r\u00e1pidas para pessoas F\u00edsicas ou Jur\u00eddicas e entregas de encomendas agendadas. \u2026\u2026\u2026\u2026\u2026\u2026\u2026. NOSSO DIFERENCIAL Trabalhamos com profissionais devidamente habilitados para a fun\u00e7\u00e3o conforme as exig\u00eancias legais, al\u00e9m disso, zelam pelo respeito e cordialidade no exerc\u00edcio das atividades contratadas; Substitui\u00e7\u00e3o do ve\u00edculo ou motorista em caso de imprevistos; Nossa frota recebe manuten\u00e7\u00e3o peri\u00f3dica, [&hellip;]<\/p>\n","protected":false},"author":1,"featured_media":0,"parent":0,"menu_order":0,"comment_status":"closed","ping_status":"closed","template":"","meta":{"footnotes":""},"class_list":["post-16","page","type-page","status-publish","hentry"],"_links":{"self":[{"href":"https:\/\/hblogservicosexpress.com.br\/index.php?rest_route=\/wp\/v2\/pages\/16","targetHints":{"allow":["GET"]}}],"collection":[{"href":"https:\/\/hblogservicosexpress.com.br\/index.php?rest_route=\/wp\/v2\/pages"}],"about":[{"href":"https:\/\/hblogservicosexpress.com.br\/index.php?rest_route=\/wp\/v2\/types\/page"}],"author":[{"embeddable":true,"href":"https:\/\/hblogservicosexpress.com.br\/index.php?rest_route=\/wp\/v2\/users\/1"}],"replies":[{"embeddable":true,"href":"https:\/\/hblogservicosexpress.com.br\/index.php?rest_route=%2Fwp%2Fv2%2Fcomments&post=16"}],"version-history":[{"count":2,"href":"https:\/\/hblogservicosexpress.com.br\/index.php?rest_route=\/wp\/v2\/pages\/16\/revisions"}],"predecessor-version":[{"id":31,"href":"https:\/\/hblogservicosexpress.com.br\/index.php?rest_route=\/wp\/v2\/pages\/16\/revisions\/31"}],"wp:attachment":[{"href":"https:\/\/hblogservicosexpress.com.br\/index.php?rest_route=%2Fwp%2Fv2%2Fmedia&parent=16"}],"curies":[{"name":"wp","href":"https:\/\/api.w.org\/{rel}","templated":true}]}}