{"id":14,"date":"2022-12-13T13:09:12","date_gmt":"2022-12-13T16:09:12","guid":{"rendered":"http:\/\/hblogservicosexpress.com.br\/?page_id=14"},"modified":"2022-12-13T13:18:55","modified_gmt":"2022-12-13T16:18:55","slug":"empresa","status":"publish","type":"page","link":"https:\/\/hblogservicosexpress.com.br\/?page_id=14","title":{"rendered":"Empresa"},"content":{"rendered":"\n<p>A HBLOG SERVI\u00c7OS EXPRESS, desde sua funda\u00e7\u00e3o tem como principal objetivo, crescer oferecendo servi\u00e7os de qualidade por um pre\u00e7o justo e competitivo. Orgulhamo-nos tamb\u00e9m por cumprir sempre em dia com nossas obriga\u00e7\u00f5es sociais, fiscais e trabalhistas. Trabalhamos com seriedade e nos esfor\u00e7amos para sempre superar as expectativas de nossos clientes. Desejamos estabelecer parcerias s\u00f3lidas e duradouras, que confiem no nosso compromisso, e buscamos retribuir com resultados pr\u00e1ticos e produtivos a confian\u00e7a que nos depositada em nossos profissionais.<\/p>\n","protected":false},"excerpt":{"rendered":"<p>A HBLOG SERVI\u00c7OS EXPRESS, desde sua funda\u00e7\u00e3o tem como principal objetivo, crescer oferecendo servi\u00e7os de qualidade por um pre\u00e7o justo e competitivo. Orgulhamo-nos tamb\u00e9m por cumprir sempre em dia com nossas obriga\u00e7\u00f5es sociais, fiscais e trabalhistas. Trabalhamos com seriedade e nos esfor\u00e7amos para sempre superar as expectativas de nossos clientes. Desejamos estabelecer parcerias s\u00f3lidas e [&hellip;]<\/p>\n","protected":false},"author":1,"featured_media":0,"parent":0,"menu_order":0,"comment_status":"closed","ping_status":"closed","template":"","meta":{"footnotes":""},"class_list":["post-14","page","type-page","status-publish","hentry"],"_links":{"self":[{"href":"https:\/\/hblogservicosexpress.com.br\/index.php?rest_route=\/wp\/v2\/pages\/14","targetHints":{"allow":["GET"]}}],"collection":[{"href":"https:\/\/hblogservicosexpress.com.br\/index.php?rest_route=\/wp\/v2\/pages"}],"about":[{"href":"https:\/\/hblogservicosexpress.com.br\/index.php?rest_route=\/wp\/v2\/types\/page"}],"author":[{"embeddable":true,"href":"https:\/\/hblogservicosexpress.com.br\/index.php?rest_route=\/wp\/v2\/users\/1"}],"replies":[{"embeddable":true,"href":"https:\/\/hblogservicosexpress.com.br\/index.php?rest_route=%2Fwp%2Fv2%2Fcomments&post=14"}],"version-history":[{"count":2,"href":"https:\/\/hblogservicosexpress.com.br\/index.php?rest_route=\/wp\/v2\/pages\/14\/revisions"}],"predecessor-version":[{"id":30,"href":"https:\/\/hblogservicosexpress.com.br\/index.php?rest_route=\/wp\/v2\/pages\/14\/revisions\/30"}],"wp:attachment":[{"href":"https:\/\/hblogservicosexpress.com.br\/index.php?rest_route=%2Fwp%2Fv2%2Fmedia&parent=14"}],"curies":[{"name":"wp","href":"https:\/\/api.w.org\/{rel}","templated":true}]}}